 to base 11
23196
Convert -1770 (base 8) to base 3.
-1101122
What is -15446 (base 8) in base 7?
-26156
Convert 1210102 (base 3) to base 15.
5c2
100103 (base 5) to base 4
301101
Convert -44114 (base 5) to base 7.
-11563
Convert -7433 (base 8) to base 13.
-19b6
Convert -1011100010110 (base 2) to base 8.
-13426
1462 (base 7) to base 11
490
-1b2 (base 12) to base 4
-10112
What is -50562 (base 7) in base 8?
-30006
Convert -40a8 (base 16) to base 13.
-76c3
1222011222 (base 3) to base 15
b74b
Convert 9ae2 (base 16) to base 10.
39650
What is -1212 (base 3) in base 14?
-38
Convert -587 (base 10) to base 8.
-1113
Convert 14200 (base 7) to base 12.
22a7
Convert 1200 (base 5) to base 12.
127
20424 (base 5) to base 7
3656
What is 175 (base 8) in base 10?
125
Convert 21022022 (base 3) to base 12.
30bb
-105516 (base 8) to base 9
-53824
What is -2a2 (base 13) in base 4?
-13112
Convert 72437 (base 10) to base 5.
4304222
Convert -2ba (base 15) to base 3.
-212011
42423 (base 5) to base 12
17a7
What is 547 (base 15) in base 16?
4a8
What is 101204 (base 5) in base 3?
11112101
-263102 (base 7) to base 16
-bfcc
-29955 (base 11) to base 3
-2011011202
What is 4104 (base 5) in base 16?
211
-216 (base 11) to base 10
-259
Convert 26908 (base 12) to base 6.
1050012
-55c1 (base 13) to base 16
-2ed3
Convert 1010011000111 (base 2) to base 11.
3aa6
Convert 24621 (base 9) to base 4.
10002133
Convert 2415 (base 15) to base 10.
7670
What is 10110111 (base 2) in base 16?
b7
1e6 (base 16) to base 8
746
Convert 74162 (base 8) to base 4.
13201302
1113 (base 6) to base 14
149
What is -a145 (base 11) in base 3?
-200111021
Convert 24303 (base 5) to base 9.
2451
Convert 15 (base 11) to base 16.
10
What is -12611 (base 9) in base 6?
-103231
64176 (base 8) to base 13
c239
Convert 153a4 (base 12) to base 3.
1112001121
What is -121 (base 14) in base 9?
-270
-777 (base 12) to base 2
-10001001011
-36161 (base 7) to base 12
-54b5
2121112 (base 4) to base 5
303224
What is -11605 (base 9) in base 11?
-5934
1311 (base 7) to base 10
498
What is -707 (base 12) in base 4?
-33313
Convert 1031002 (base 4) to base 10.
4930
-1262 (base 8) to base 16
-2b2
-c8f (base 16) to base 8
-6217
What is -306 (base 7) in base 4?
-2121
What is 103 (base 7) in base 6?
124
What is -603 (base 12) in base 15?
-3cc
What is -16227 (base 15) in base 14?
-1c014
What is 3410 (base 8) in base 13?
a86
Convert 634 (base 11) to base 3.
1001021
Convert -77e9 (base 15) to base 2.
-110001101001011
8e92 (base 15) to base 14
b075
What is -241222 (base 5) in base 13?
-40b6
Convert -1111000100 (base 2) to base 9.
-1281
Convert -311501 (base 6) to base 3.
-1021022201
What is -101100 (base 2) in base 6?
-112
-2354 (base 15) to base 9
-11257
241301 (base 5) to base 3
110021112
Convert -42b5 (base 14) to base 12.
-6807
Convert 1012 (base 14) to base 3.
10210020
Convert 26512 (base 9) to base 16.
45f8
Convert 24535 (base 7) to base 11.
492a
-430 (base 8) to base 13
-187
Convert -a4 (base 14) to base 13.
-b1
What is -221 (base 8) in base 16?
-91
112201122 (base 3) to base 6
121412
7a76 (base 15) to base 13
ba9c
What is 21101022 (base 3) in base 7?
21455
What is 18 (base 15) in base 5?
43
What is -bb0 (base 13) in base 6?
-13134
What is -2111 (base 6) in base 11?
-3a2
413300 (base 5) to base 13
6243
2081 (base 11) to base 3
10202220
Convert -5a05 (base 11) to base 2.
-1111010111110
-2ba7 (base 13) to base 15
-1d60
What is 261 (base 7) in base 13?
ab
-101534 (base 7) to base 11
-120a7
What is 1658 (base 11) in base 2?
100001001000
168a (base 13) to base 6
23221
10111000010 (base 2) to base 5
21344
What is -355 (base 13) in base 6?
-2401
Convert 3886 (base 9) to base 14.
10c1
112101000 (base 3) to base 13
49cb
Convert 2d1 (base 15) to base 4.
22012
3124 (base 8) to base 9
2200
What is -13 (base 11) in base 16?
-e
Convert 15397 (base 10) to base 11.
10628
What is -821 (base 12) in base 6?
-5241
What is -58032 (base 9) in base 15?
-b6cb
What is -1132 (base 5) in base 4?
-2213
What is -101561 (base 8) in base 6?
-415441
What is 280 (base 12) in base 7?
1056
67e (base 16) to base 8
3176
-d8 (base 14) to base 12
-13a
-14842 (base 12) to base 10
-28850
What is -7272 (base 9) in base 16?
-14d2
255 (base 16) to base 12
419
What is 33525 (base 7) in base 6?
103200
What is -450 (base 13) in base 16?
-2e5
Convert -11111100010 (base 2) to base 9.
-2682
Convert 508 (base 12) to base 15.
338
-447 (base 16) to base 10
-1095
Convert -14bac (base 13) to base 8.
-114666
Convert -507 (base 11) to base 9.
-750
What is 988 (base 12) in base 6?
10252
Convert -1682 (base 11) to base 13.
-c92
What is -20341 (base 9) in base 14?
-4c54
Convert -265 (base 14) to base 4.
-13201
-4556 (base 8) to base 14
-c46
Convert -1396 (base 10) to base 2.
-10101110100
52c7 (base 16) to base 14
7a19
-5398 (base 10) to base 15
-18ed
420 (base 6) to base 4
2130
-233123 (base 4) to base 12
-190b
What is 1110 (base 13) in base 16?
94b
3231 (base 4) to base 14
12d
What is -12303131 (base 4) in base 5?
-1342434
17b8 (base 14) to base 6
31450
5302 (base 9) to base 3
12100002
200 (base 15) to base 16
1c2
What is 6c (base 16) in base 15?
73
What is 12230 (base 4) in base 10?
428
-1214 (base 6) to base 11
-251
Convert -16b (base 15) to base 2.
-101000110
Convert 1112222 (base 3) to base 2.
10001101101
112 (base 16) to base 6
1134
What is -1b7 (base 16) in base 5?
-3224
-6416 (base 14) to base 13
-7b24
44010 (base 5) to base 11
2292
-11220021 (base 3) to base 11
-2757
What is 169a (base 14) in base 8?
7730
What is -644 (base 13) in base 9?
-1418
What is -224040 (base 6) in base 14?
-6d16
1140 (base 9) to base 3
1011100
What is -3206 (base 7) in base 3?
-1112222
4241 (base 6) to base 3
1022121
What is 43850 (base 10) in base 13?
16c61
What is 11201 (base 6) in base 9?
2151
What is 5740 (base 9) in base 10?
4248
-826 (base 9) to base 14
-360
641 (base 10) to base 3
212202
What is 12451 (base 6) in base 9?
2544
What is -2007 (base 8) in base 12?
-71b
What is 32430 (base 5) in base 9?
3058
What is 34330 (base 8) in base 9?
21858
What is -4403 (base 5) in base 16?
-25b
-3033 (base 5) to base 14
-201
101333 (base 4) to base 8
2177
What is 1354 (base 8) in base 10?
748
Convert 4041 (base 8) to base 12.
1255
4466 (base 11) to base 2
1011011111000
What is c4d1 (base 16) in base 12?
251a9
3220 (base 4) to base 2
11101000
-743a (base 16) to base 12
-15276
What is 111111000 (base 2) in base 9?
620
Convert 43433 (base 5) to base 16.
bb1
Convert -131a1 (base 11) to base 6.
-223202
Convert 6707 (base 8) to base 2.
110111000111
-21212111 (base 3) to base 14
-213b
11dab (base 14) to base 9
66142
-b790 (base 12) to base 5
-1120444
-24344 (base 7) to base 14
-245b
Convert 54531 (base 6) to base 16.
1d77
Convert 131113 (base 4) to base 12.
1107
What is 490 (base 11) in base 5?
4313
What is -4511 (base 11) in base 15?
-1b61
Convert -4131 (base 5) to base 14.
-2a9
-41022 (base 5) to base 10
-2637
Convert 1757 (base 10) to base 16.
6dd
Convert 101110110110001 (base 2) to base 12.
11a69
-1490 (base 15) to base 3
-20001100
What is -2000210 (base 3) in base 8?
-2707
Convert -1023110 (base 5) to base 10.
-17280
-3a4e (base 15) to base 5
-344244
Convert 667 (base 14) to base 3.
1201221
Convert 2754 (base 8) to base 3.
2002011
23335 (base 6) to base 9
4555
Convert -379 (base 13) to base 16.
-25f
1221121210 (base 3) to base 8
112731
Convert -3142 (base 5) to base 12.
-2b2
What is 440 (base 8) in base 14?
168
Convert 12206 (base 9) to base 16.
1ffb
Convert -447 (base 12) to base 16.
-277
26425 (base 10) to base 11
18943
What is 566 (base 12) in base 14?
410
5138 (base 14) to base 7
55501
Convert -817 (base 11) to base 13.
-5ab
What is -110111110 (base 2) in base 3?
-121112
What is 471 (base 12) in base 6?
3021
Convert 2998 (base 13) to base 16.
1798
2040 (base 5) to base 3
101000
-365 (base 9) to base 13
-1a3
What is -2071 (base 8) in base 15?
-4c1
-4034041 (base 5) to base 16
-fd80
109 (base 13) to base 9
217
What is 3258 (base 14) in base 15?
28a2
Convert 409 (base 10) to base 3.
120011
What is 8290 (base 13) in base 16?
466f
What is -391 (base 12) in base 3?
-202001
4094 (base 10) to base 12
2452
Convert 104500 (base 6) to base 7.
34500
What is 11604 (base 7) in base 11?
2316
What is -1555 (base 7) in base 9?
-767
What